 = k*t(d) - 4*i(d). Calculate v(7).
3
Let s(y) = 2*y**2 + 38*y + 5 + y**3 + y**2 - 39*y. Let g be -5 + 3/3 + 0. What is s(g)?
-7
Let f(z) be the second derivative of -z**4/12 - 2*z**3 - 2*z**2 + 2*z. Let d be f(-12). Let k(n) = -2*n + 1. Calculate k(d).
9
Let y(u) = -1 + 4 - 54*u + 53*u - 2. Suppose 2*z = -4*t + 28, 0 = -2*z - 3*z + t + 59. Suppose 0*k = -3*k - z. What is y(k)?
5
Let v = 1 + -2. Let b(q) = 5*q**3 + 2*q**2 + 3*q - 9. Let p(j) be the second derivative of j**5/20 - j**2/2 - 3*j. Let o(u) = v*b(u) + 6*p(u). Give o(2).
-3
Let g(a) = a + 4. Suppose 2*x + 10 + 6 = 0. Let n = -6 - x. Suppose 3*r = n*r - 6. Give g(r).
-2
Let m = 9 - 9. Suppose -2*f - 3*f + 5 = m. Let y(x) = 2*x. Determine y(f).
2
Let x(f) be the first derivative of f**4/4 - 4*f**3/3 - 2*f**2 - 2*f - 33. What is x(5)?
3
Let o = 27 + -22. Suppose -3 = x - 4*x, 0 = o*h + x - 6. Let m(f) = 8*f**3 - f**2. Calculate m(h).
7
Let w(c) = -c**2 + 3*c - 1. Let d = -8 - -10. Let f be w(d). Let g(u) be the third derivative of -u**5/15 - u**3/6 + u**2. Calculate g(f).
-5
Let c(k) = -k**3 - 5*k**2 - 5*k - 4. Let p = 8 + -11. What is c(p)?
-7
Let w(y) = y**2 + 6*y - 11. Let f be w(-8). Suppose 0 = -f*v - 3*z - 25, 4*z - 5 - 5 = 2*v. Let s be (6/v)/(3/10). Let x(a) = -a - 2. Determine x(s).
2
Let k(y) = 6*y - 1. Let u be ((-12)/14)/((-1)/7). Let g be (-2)/(-4)*(-4 + u). Determine k(g).
5
Suppose 2*c = -2*g - 6, -1 = 2*c - 2*g - 15. Let l(h) = -1 - 4*h**c - h + h**3 + 0 + 7*h**2. Give l(-2).
5
Let l(h) = 3*h + 6. Suppose -5*g = -3*u + 40, 4*g + 45 = -g + 4*u. What is l(g)?
-9
Let c(u) = -3*u + 5. Let m = -27 + 14. Let j = -8 - m. Suppose -8 = -j*h + 12. Give c(h).
-7
Let o(u) = -u + 13. Let a(l) = -3*l - 12. Let p be a(-7). Determine o(p).
4
Suppose -v + 0*v = -1. Let s(f) = v - f - 6 + 0*f. Suppose -9 = 2*u - 3*q, -4 = -4*u - 2*q + 2. Give s(u).
-5
Let o be (-12)/(-14)*(-16 - -9). Let z(c) = c**2 + 5*c + 5. Determine z(o).
11
Let p(z) = -5*z**2 + z. Let o be p(1). Suppose -5*m + 3*y = -1, 2*m - 5*y + 7 = -4. Let f(a) = 3*a**3 + m*a + 2 + 4*a**2 + a + a**2 - 2*a**3. Calculate f(o).
6
Let a(c) = 9*c**2 + 5*c + 3. Let b(q) = -4*q**2 - 2*q - 1. Let p(o) = 2*a(o) + 5*b(o). Let d be 12*(2 + (-6)/4). Let w = d + -8. Determine p(w).
-7
Suppose 0 = -3*w - f - 30, -4*w - 5*f + 10*f = 59. Let n = w - -14. Let o(a) = 4*a - 3 - a - n. What is o(4)?
6
Let k be 1/(-3) + (-50)/(-15). Let u be (6/(-4))/((-1)/2). Let y(d) = 2*d - 4*d - u + 5*d. What is y(k)?
6
Let f(z) = -3*z - 2. Let x(y) = 2*y + 1. Suppose w - 3 = -0. Suppose -2 = 2*r - w*l - 5, -4*r = 2*l - 14. Let v(p) = r*f(p) + 4*x(p). Give v(-2).
0
Let q(i) = -i + 6. Let f be q(0). Let s(w) = -2*w + 2. Give s(f).
-10
Suppose 2*d + 8 = 4*d. Let q be 4*((-18)/d + 4). Let u(j) = j**3 + 3*j**2 - 2*j - 1. Give u(q).
7
Let c(p) = -3*p + 5. Suppose 13*x = 3*x + 70. Give c(x).
-16
Suppose -5*j + 7 = -2*d, 3*j - 4 = -j. Let c(z) = -6*z**2 + z. Give c(d).
-7
Let t(i) = 7*i + 1. Let q(d) = -4*d. Let o(p) = 5*q(p) + 3*t(p). Let n = -11 - -3. Let v = 12 + n. Give o(v).
7
Let g(p) be the third derivative of -p**4/24 - p**3/2 + 19*p**2. Give g(-5).
2
Let w(d) = 2 - 8 + 7*d - 6 + 0. Let t(v) = 8*v - 13. Let y(h) = 6*t(h) - 7*w(h). Let m be 6/4*(-10)/(-3). Give y(m).
1
Let q(k) = 0 - 5*k + 7*k + 0. Calculate q(4).
8
Let u(y) = 6*y**3 - y + 1. Suppose -r + 2*p = -3, 0 = 2*r + r + p - 16. Suppose -2*d = r*a - 0 + 8, d + a = -1. What is u(d)?
6
Let h(o) = -o**2 + 7*o + 8. Let d(a) = a**3 + 3*a**2 - a + 3. Let m be ((-6)/6)/(2/6). Let b be d(m). Calculate h(b).
14
Let b be (-132)/(-8) + (-3)/6. Let t be (6/8)/(4/b). Let x(q) = -q - t*q**2 + 6*q**2 + 3 + 6*q - q**2. What is x(-3)?
6
Let m(j) = j**3 + 5*j**2 - j - 5. Let n(l) = 3*l**3 + 2*l**2 - 5*l + 5. Let z be n(2). Suppose -3*v + 12 = z. Give m(v).
0
Let j(r) = 1. Let v(k) = -3*k - 4. Let d(b) = -6*j(b) - v(b). Let z be d(-1). Let g(i) = -2*i - 2. Determine g(z).
8
Let d(f) = -f - 1. Suppose -2*a + 4*a + 6 = 4*t, -3*t = 5*a - 24. Let b = -6 + a. Calculate d(b).
2
Let g(b) = -2*b + 6. Let w be 6*3/(-3 - -12). Suppose -5*y - 13 + 33 = 2*f, w*f + 34 = 4*y. Determine g(y).
-6
Suppose -60 = -2*x - 3*x. Let f = -18 + x. Let z(m) = -3*m**2 - 6*m + 2*m**2 - 2 + 8. Determine z(f).
6
Let m(w) = -w**3 + 26*w**2 - 25*w + 6. Let i be m(25). Let j(p) be the first derivative of p**4/4 - 5*p**3/3 - 7*p**2/2 + 8*p - 1. Give j(i).
2
Let z(i) = 3*i**2 - 2*i - 1. Suppose -r + 0 = -f - 3, -4*f - 5*r + 33 = 0. Calculate z(f).
7
Let g(p) = -p**3 + 5*p**2 - 3*p + 2. Let d be g(4). Let h be d/(-8)*16/(-4). Let q(r) = r**2 - 3*r - 1. What is q(h)?
-1
Let l(g) = 6 - 2*g + 3*g + 6*g - 6*g. Give l(8).
14
Let p(c) be the second derivative of -c**7/840 - c**6/90 + c**5/30 - c**4/12 + c**3/6 - 3*c. Let m(r) be the second derivative of p(r). Give m(-5).
3
Suppose 4*n = 4*b + 36, -2 = n - 5. Let i(x) = -x**2 - 7*x - 4. Calculate i(b).
2
Let l(r) be the third derivative of -r**6/120 + r**5/10 - 4*r**2. Let h be ((-3)/(-9) + 0)*18. Give l(h).
0
Let i be (8*-1)/(2 + -4). Let x(r) = -5*r - 10. Let w(t) = 9*t + 19. Let z(g) = i*w(g) + 7*x(g). What is z(-6)?
0
Let m(w) = w**2 - 4*w - 4. Let b(l) = -l**2 + 4*l. Let p be b(4). Suppose p*f + f = 5. Give m(f).
1
Let m(o) = 3*o + 4*o + 2*o - 2 - 11*o. Give m(-2).
2
Let b(a) be the first derivative of a**4/12 + a**3/3 - 5*a**2/2 + 2*a + 1. Let x(w) be the first derivative of b(w). Determine x(-5).
10
Let x(n) be the first derivative of -n**3/3 + n - 11. Calculate x(1).
0
Let s(w) = -6*w**2 + 2*w + 1. Let g(h) = 5*h**2 - 14*h + 12. Let d(x) = 4*x**2 - 13*x + 11. Let q(v) = 4*d(v) - 3*g(v). Let y be q(9). Determine s(y).
-7
Let h be (-684)/117 + 4/(-26). Let c(p) be the first derivative of p**2/2 - p + 1. Determine c(h).
-7
Suppose 4*d = -2*j - 34, -5*d - 23 = j + 24. Let l be (-2 - -2)/(d/(-5)). Suppose l = -2*o + o - 2. Let m(n) = n**3 + 2*n**2 - n - 2. What is m(o)?
0
Let c(y) = y**3 - 4*y**2 + 4*y + 4. Let g be c(3). Let u(l) = l**3 - 6*l**2 - 6*l - 5. What is u(g)?
2
Let v(g) be the first derivative of -g**2 - 30. Suppose 0 = p - 2 - 1. Suppose -3*i = -4*i + p. Give v(i).
-6
Let i(b) = 2*b - 4. Suppose -5*o = -2*o - 9. Let g = 7 - o. What is i(g)?
4
Let j(o) be the first derivative of -1 + 2*o**2 - 6*o + 11/3*o**3. Let l(c) = 4*c**2 + c - 2. Let y(k) = -3*j(k) + 8*l(k). Give y(-5).
-3
Let j(b) = 4*b - 2*b + 0*b. Calculate j(4).
8
Let d be (-1)/(12/(-144) - 2/(-6)). Let c(r) = -r**2 - 3*r + 3. What is c(d)?
-1
Let n(r) = -r**3 + 7*r**2 + r - 2. Let s be n(7). Let w(h) = h**2 - 6*h + 7. Give w(s).
2
Suppose -2 - 4 = -3*o. Let a(z) = o - 3 + 2*z + 3*z**3 - 4*z. Suppose -5*q = i + 10, -3*i = 5*q + 15 + 5. What is a(q)?
-2
Let y(w) = 2*w - 4. Let o(i) = i - 2. Let v(c) = -7*o(c) + 4*y(c). Determine v(6).
4
Let l = 8 - 12. Let o(n) be the first derivative of n**2 + 2*n - 3. Give o(l).
-6
Let j(f) = -f**3 - 5*f**2 + 5*f - 7. Let v(x) = x**3 + 7*x**2 - 9*x - 14. Let l be v(-8). Determine j(l).
-1
Suppose -8*z - 12 = -6*z. Let x(f) = f + 6. Determine x(z).
0
Suppose 2*v - 4*v = 2*h - 6, 0 = -2*v + 4*h - 24. Let d(g) = 5*g + 1. Determine d(v).
-9
Suppose 3*z + 2*f = -0*z + 12, 3*f - 15 = -3*z. Suppose -d + 3 = 0, 5*c = d - z*d + 38. Let i(t) = -t**2 + 0*t**2 + 6*t - c + 3. Calculate i(3).
5
Let o be 4*-1*(3 - 2). Let b(r) = 143 - 288 - 2*r**2 + 140 - 7*r. Determine b(o).
-9
Let a(b) = b**3 + 7*b**2 + 6*b + 6. Let y(o) be the third derivative of -o**5/60 - o**4/8 - o**3/3 - 5*o**2. Let w be y(-4). What is a(w)?
6
Let t(s) = -3*s - 3. Let d = 3 - 21. Let o = d - -13. Give t(o).
12
Let l = -4 + 5. Let v(a) = 3*a**2 - 1. Determine v(l).
2
Let l(j) = j - 8. Let d be l(8). Let f(v) = -8*v**2 - 8*v - 23. Let s(p) = -3*p**2 - 3*p - 8. Suppose 4*c + 12 = -4. Let t(u) = c*f(u) + 11*s(u). Give t(d).
4
Let q be (-16)/72 + ((-55)/(-9))/5. Let p(j) be the first derivative of 2*j**4 + j**3/3 + j**2/2 - j + 1. Determine p(q).
9
Let q(i) = i**2 - 7*i - 1. Let f = -2 - -6. Let b = f - -2. Calculate q(b).
-7
Let j(p) = p**2 - 8*p + 1. Let u(x) = -x**2 + 8*x. Let o(z) = 6*j(z) + 7*u(z). Give o(7).
13
Let v = 3 + -2. Let b(h) = 1 - v - 2 - h**3. Let q = 2 - 2. Calculate b(q).
-2
Let s(x) = 6*x + 22. Let y(n) = 3*n + 11. Let c(r) = 6*s(r) - 13*y(r). Give c(-8).
13
Let s(r) = r. Suppose 0 = 6*y - 3*y + 9. Let f(l) = -3. Let d(k) = -k 